{"id":3836,"date":"2024-08-20T13:56:22","date_gmt":"2024-08-20T11:56:22","guid":{"rendered":"https:\/\/63.33.229.94\/?post_type=event&#038;p=3836"},"modified":"2024-09-19T10:27:06","modified_gmt":"2024-09-19T08:27:06","slug":"spain-talks-caring-for-the-future","status":"publish","type":"event","link":"https:\/\/events.spain.info\/en\/event\/spain-talks-caring-for-the-future\/","title":{"rendered":"Spain Talks: caring for the future"},"content":{"rendered":"<p>Live broadcast of the first edition of Spain Talks in Stockholm, organized by the Spanish Tourist Office in Stockholm together with its counterparts in Helsinki, Oslo and Copenhagen, on September 18. \n\nThese events are aimed at the tourism sector in the main source markets with the objective of highlighting and transmit the sustainability initiatives that are transforming Spain, both in the public and private spheres.<\/p>\n\n\n\n<p><\/p>\n\n\n\n<p><\/p>","protected":false},"excerpt":{"rendered":"<p>Retransmisi\u00f3n en directo de la primera edici\u00f3n de Spain Talks de Estocolmo, organizada por la Oficina de Turismo de Espa\u00f1a en Estocolmo junto con su hom\u00f3logos de Helsinki, Oslo y Copenhague, el 18 de septiembre. Estos eventos se dirigen al&#8230;<\/p>","protected":false},"author":3,"featured_media":3837,"comment_status":"closed","ping_status":"closed","template":"","meta":{"footnotes":""},"eventcat":[231,232],"organizer":[],"event_tags":[],"location":[268,269],"class_list":["post-3836","event","type-event","status-publish","has-post-thumbnail","hentry","eventcat-presentaciones","eventcat-seminarios","location-estocolmo","location-life-city-solnavagen-3h-estocolmo"],"jetpack_sharing_enabled":true,"_links":{"self":[{"href":"https:\/\/events.spain.info\/en\/wp-json\/wp\/v2\/event\/3836","targetHints":{"allow":["GET"]}}],"collection":[{"href":"https:\/\/events.spain.info\/en\/wp-json\/wp\/v2\/event"}],"about":[{"href":"https:\/\/events.spain.info\/en\/wp-json\/wp\/v2\/types\/event"}],"author":[{"embeddable":true,"href":"https:\/\/events.spain.info\/en\/wp-json\/wp\/v2\/users\/3"}],"replies":[{"embeddable":true,"href":"https:\/\/events.spain.info\/en\/wp-json\/wp\/v2\/comments?post=3836"}],"version-history":[{"count":1,"href":"https:\/\/events.spain.info\/en\/wp-json\/wp\/v2\/event\/3836\/revisions"}],"predecessor-version":[{"id":3838,"href":"https:\/\/events.spain.info\/en\/wp-json\/wp\/v2\/event\/3836\/revisions\/3838"}],"wp:featuredmedia":[{"embeddable":true,"href":"https:\/\/events.spain.info\/en\/wp-json\/wp\/v2\/media\/3837"}],"wp:attachment":[{"href":"https:\/\/events.spain.info\/en\/wp-json\/wp\/v2\/media?parent=3836"}],"wp:term":[{"taxonomy":"eventcat","embeddable":true,"href":"https:\/\/events.spain.info\/en\/wp-json\/wp\/v2\/eventcat?post=3836"},{"taxonomy":"organizer","embeddable":true,"href":"https:\/\/events.spain.info\/en\/wp-json\/wp\/v2\/organizer?post=3836"},{"taxonomy":"event_tags","embeddable":true,"href":"https:\/\/events.spain.info\/en\/wp-json\/wp\/v2\/event_tags?post=3836"},{"taxonomy":"location","embeddable":true,"href":"https:\/\/events.spain.info\/en\/wp-json\/wp\/v2\/location?post=3836"}],"curies":[{"name":"wp","href":"https:\/\/api.w.org\/{rel}","templated":true}]}}

<p>Retransmisión en directo de la primera edición de Spain Talks de Estocolmo, organizada por la Oficina de Turismo de España en Estocolmo junto con su homólogos de Helsinki, Oslo y Copenhague, el 18 de septiembre. Estos eventos se dirigen al&#8230;</p>
